+ 5)?
-1
What is the value of 2 + 2 + -6 + 1?
-1
What is (-15 - -11) + 17 + -9?
4
Evaluate -1 - (3 + -3 - 2).
1
Calculate (11 - (-5 - (-5 + -6))) + -4.
1
What is the value of 1 + -3 + (0 - 2)?
-4
Calculate 5 - (11 + (0 - 3)) - -5.
2
Calculate -12 + 1 - (-35 - -28).
-4
Evaluate -4 + (-2 - (-10 - -1)).
3
What is the value of 11 + -5 + 1 + -5?
2
What is the value of -1 - (-2 + -1) - (1 - 6)?
7
-2 + 25 + -10 - 5
8
Calculate (-9 - -12) + (-3 - -4).
4
Evaluate 5 + (0 - -4 - 12).
-3
What is the value of -53 - -42 - (-7 + 1)?
-5
Evaluate 7 + -8 + -1 + -1 + -1.
-4
What is the value of (-10 - (-7 - -6)) + 27 - 7?
11
0 + 0 - (4 - (11 - 8))
-1
What is the value of 7 + (-16 - (1 + -7)) + -5?
-8
What is the value of -2 + 10 - (16 - 12)?
4
Calculate 2 + (-6 - 0 - (2 - 5)).
-1
What is 4 + -1 + -7 + (-24 - -22)?
-6
What is the value of -7 - (-2 - (-6 - -6))?
-5
Calculate -1 + -12 + -30 + 38 - -4.
-1
(0 - 1) + -2 + -11 + 19
5
What is (9 - 1) + -11 - -7?
4
What is the value of -9 + (9 - -2) + -5 + -5?
-8
(-11 - -11) + -10 + (-1 - -7)
-4
What is the value of -7 - -1 - (-3 - (-6 - -4))?
-5
Evaluate 6 + 3 + -13 + 10.
6
Calculate 2 + -5 + (-12 - -21).
6
What is 16 + -15 + (-1 - 2) + 0?
-2
-1 - (3 - (7 - 6))
-3
Calculate 1 + (4 - 6 - 2 - 1).
-4
What is the value of -22 + 9 - -9 - (-1 + 2)?
-5
Evaluate 4 + -1 - (0 + 1) - 4.
-2
What is -1 + -9 + (-7 - -10)?
-7
What is the value of -11 + 26 + 1 - 8?
8
Calculate -3 - -3 - (-23 + 14).
9
What is 1 + (1 + 1 - (-3 + 3))?
3
Calculate -2 + 15 - (9 + -2).
6
Calculate 3 + 1 + (-38 - -33).
-1
What is 0 + (-6 - -10) + 1?
5
-8 - (1 + 2) - -4
-7
What is the value of -6 + -2 + 5 + 3 + -3?
-3
What is the value of (-19 - -18) + (0 - (-2 + 2))?
-1
Evaluate 14 - (17 - (13 + -5)).
5
Evaluate -5 + 4 + 6 - (-2 + 4).
3
Calculate -4 + 0 + 6 - (1 + 5).
-4
Calculate -2 + 2 + (-2 - 5) - -2.
-5
What is the value of (4 + 0 + 1 - 10) + 7?
2
Evaluate -1 - (2 + 8 + -8).
-3
-3 + 4 + -5 + -3 + 4
-3
Evaluate -2 + -1 + (2 - 0 - -3).
2
2 + (2 + -5 - (0 + -4))
3
Evaluate -5 + -6 + 7 + (4 - 0).
0
What is (-7 - -2) + 1 + 4?
0
0 - (-2 + -3 + (2 - 2))
5
Evaluate 93 + -91 + -1 + (-6 - 0).
-5
(5 - 6) + (7 - -2)
8
Evaluate 2 - (2 - -1) - (-1 - 0).
0
What is the value of (-5 - (7 + -9)) + 3 - -1?
1
Evaluate (0 - 8) + -3 + (1 - 1).
-11
What is -1 - 4 - (74 + -80)?
1
Evaluate -16 + 5 - (-11 - -3).
-3
Evaluate 5 - ((4 - 7) + 3).
5
Evaluate 4 - 4 - 2 - -5 - 1.
2
What is the value of -4 + (3 + 2 + 1 - 9)?
-7
Evaluate (-5 - (2 - 6)) + -3.
-4
What is -7 + 1 + 3 + -2?
-5
(-23 - -22) + (-2 - -1) + -7
-9
-1 + (4 + 1 - -2) - 5
1
Calculate -3 - -4 - -4 - 0.
5
Evaluate (12 - 10 - 2) + 3.
3
Calculate 7 - ((-4 - -4) + (0 - -3)).
4
What is 0 - -8 - (14 - 10)?
4
What is the value of 15 + (-10 - -3) - 2?
6
What is (-4 + 2 - 0) + -3?
-5
Evaluate (7 - -2) + -1 + -2 + -1.
5
What is 11 + (-1 - 3) + -3 + -6?
-2
Evaluate -1 - (4 - (13 + -3)).
5
What is the value of 1 + 7 + (-13 - -7)?
2
Evaluate (1 + -7 - (-1 + -8)) + 1.
4
Calculate 1 - ((3 - (8 + -6)) + 2).
-2
-3 + -1 + 4 - -4
4
What is (2 - (3 - 3)) + 0 + -6?
-4
What is -12 + 2 + (38 - 29)?
-1
What is the value of -1 - 9 - (-3 - 10)?
3
-26 - -31 - (8 - 1)
-2
9 + -13 - (-1 - (-12 + 7))
-8
7 - (-1 - -6) - -2
4
What is the value of (-18 - -23) + (-4 - -1)?
2
Evaluate -4 + 10 + 5 + -1 + -10.
0
7 - ((13 + -7 - 9) + 3)
7
Evaluate -4 + 2 - (0 - 2 - 1).
1
5 + (0 - (8 - -1))
-4
Calculate -14 - (2 + -11 + 2).
-7
Evaluate 1 + -3 + 2 - -2.
2
What is the value of (-1 - -4) + -8 - (-13 - -7)?
1
What is -11 + 3 - (-3 + 0 + -1)?
-4
What is the value of 3 - (13 + -6 - -2)?
-6
Evaluate 29 + -33 + (0 - 4) + -2.
-10
Calculate 4 + -6 + -1 + 1.
-2
Calculate 4 - (2 + -4 - -3).
3
Calculate -8 + 2 + (1 - (-3 + 2)).
-4
Evaluate (0 - 3) + -2 + 3 + 2.
0
-6 + (3 + -2 - -5)
0
What is 2 + (7 - (14 + -3))?
-2
Evaluate (1 - (3 + -3)) + (6 - 5).
2
Calculate ((1 - 10) + 5 - -9) + -5.
0
What is the value of 8 + -17 - (3 + -11)?
-1
Calculate -6 + 8 + 1 + (-1 - 2).
0
Evaluate 5 + (-3 - (-2 + 1)).
3
What is the value of (1 - -1) + (-8 - (3 - 7))?
-2
What is -3 - (4 - 2 - 6)?
1
What is (1 + 3 - 16) + (17 - 11)?
-6
What is the value of 3 - 3 - (4 + -3)?
-1
What is the value of -2 - (-5 + 2 + (0 - -2))?
-1
What is the value of (4 - (2 + 0)) + 1 + -5?
-2
What is the value of -14 + (4 - -14 - -2)?
6
What is (-4 - (-5 + 3)) + 2 - -5?
5
What is the value of (-5 - -5) + (3 - 2)?
1
4 + 4 + -5 + -7
-4
What is the value of 1 - (5 - (0 - 0))?
-4
What is the value of (1 - 4 - 1) + (33 - 33)?
-4
What is 0 + -2 + 1 + (1 - 3)?
-3
What is (-4 - 1 - (19 + -17)) + 2?
-5
What is -2 + -1 + 2 + -5 + 4?
-2
What is the value of 0 + -2 + 8 + -2?
4
Calculate -3 - -1 - (-5 + 2).
1
Evaluate (3 - -2) + 63 + -68.
0
Calculate -10 + -10 + 8 - -7.
-5
What is the value of -1 + (-3 - -8) + -4 - -5?
5
Evaluate (8 - 11 - 4) + 5.
-2
What is -6 - -2 - (10 + -6)?
-8
5 + (-6 + -8 - -5)
-4
Evaluate 1 + (-4 - (-3 + -1)) + 0.
1
What is the value of -1 + 0 - (-1 + -3 + 4)?
-1
10 + (5 - (-4 - -18 - 4))
5
-2 - (5 + -4 - 2) - 1
-2
-1 - (3 - 3) - -6
5
What is -12 + 7 + (-8 - -6)?
-7
Evaluate 0 + (-3 - (-4 - 1)) + -1.
1
What is the value of -6 + (-9 - -14) + (-1 - 1)?
-3
Calculate 11 - 13 - (0 + 0 + -2).
0
Evaluate -5 + (3 - (-5 + -2)).
5
Evaluate (-4 - 1) + 276 + -273.
-2
1 + 2 + -5 - (3 - -4)
-9
Evaluate (-16 - -4) + 2 + 5.
-5
What is 0 + (0 + -2 + 3 - 1)?
0
What is -1 - -7 - (4 - -1)?
1
What is -6 + (4 - 4) + 4?
-2
Calculate (1 - -1) + (-3 - -18 - 12).
5
What is the value of 3 + 4 + -2 + 5 + -13?
-3
What is -5 - (-7 - -1) - (-4 + 8)?
-3
Calculate 2 + 0 + 3 + (-3 - 1).
1
What is 2 - (1 + -5 - (-8 - -4))?
2
What is the value of 1 + (-1 - 1 - -8) - 3?
4
What is -5 + 10 + (-3 - (3 - 5))?
4
What is -3 - (6 + -7 + -5)?
3
11 + -13 - (1 - 2)
-1
What is -4 + (3 - -5) + 1?
5
(-2 - 6 - (-2 + 0)) + 2
-4
What is -2 + 6 + -1 + -9?
-6
Evaluate 3 - (-9 - -5 - -10).
-3
Evaluate 4 - 1 - (126 - 132).
9
Calculate 5 + -5 + 2 + -3.
-1
7 - (-5 + 5) - 3
4
What is the value of -3 - (5 + (-10 - -6))?
-4
Evaluate 14 - 0 - (-5 + 13).
6
-9 + 8 + -8 + 13
4
What is the value of 3 - (7 + -8 + (6 - 4))?
2
2 + -5 - (16 + -18)
-1
What is 2 - (0 + 2 + 6 + -1)?
-5
What is the value of 4 - (8 - (-4 - 2) - 7)?
-3
Evaluate 20 + 2 - (29 - 16).
9
0 + 4 + 0 - (-4 + 5)
3
What is -3 + (-5 - -8 - 7 - -5)?
-2
Calculate -12 + (14 - 12) + 1.
-9
(4 - -3) + (3 - 1) + -6
3
What is the value of (0 + 2 - 2) + (-3 - -5)?
2
Calculate 60 - 61 - (1 - 2).
0
Evaluate -5 + (-3 - (-1 - 5)).
-2
What is the value of 6 + 3 + -10 + -5?
-6
(-6 - -2) + 6 + 4
6
Calculate 4 + (-6 - -3 - 5).
-4
-2 + -6 - (-12 + 10)
-6
What is the value of 4 + (-1 - (-3 + 10)) + 1?
-3
Calculate (1 - 4 - 1) + 3.
-1
Evaluate -16 - (-7 - -3 - 5).
-7
-8 - 2 - (-10 - -3)
-3
What is (-12 - (-14 - (6 - 12))) + 4?
0
What is the value of (7 + -17 - -20) + -8?
2
Evaluate 7 + -12 - (-3 - (0 + 3)).
1
What is the value of (-1 - 7) + -2 - -6?
-4
What is (-2 + 4 - 8) + 10?
4
Evaluate -2 - (0 + -4) - (0 - 1).
3
0 - (0 + 3 + (-7 - -4))
0
What is the value of 7 - 0 - 5 - (1 + 7)?
-6
What is the value of (-6 + 1 - -4) + (4 - 2)?
1
What is -5 + 1 + 3 - -3?
2
What is the value of -7 - (-9 + 20 + -11)?
-7
Evaluate 5 + (6 - (-5 - (-10 - 1))).
5
3 + -5 + -6 + 10
2
What is the value of -1 + 1 - (7 + -7)?
0
0 + 7 + 7 + -14
0
What is the value of 125 - 125 - (0 - 2 - 1)?
3
What is 12 + -8 + (-1 - -1)?
4
Calculate -2 + 9 - (8 - 1).
0
Calculate 0 + (0 - 3) - -5.
2
Evaluate -5 - -2 - (-11 + 3).
5
-3 + 7 + -6 + 4
2
What is the value of 0 + (-1 - 0 - (-1 + -3))?
3
2 + -6 + 5 - -3 - -1
5
Calculate (2 - 1) + (1 - 0).
2
What is (8 - 4) + 3 - (-3 + 15)?
-5
What is -2 + (-2 - 5) + (26 - 22)?
-5
What is -9 + 5 + 2 + 1 + -4?
-5
12 - 3 - (12 + -5)
2
What is the value of -12 + (26 - (-2 - -12))?
4
What is the value of -24 - (-1 + -7) - -9?
-7
Calculate -7 - (-4 - (-6 + -2 + 6)).
-5
What is 2 + 0 + -3 - 2?
-3
Evaluate (-1 - 4) + (1 - -3).
-1
Calculate -5 + -1 + 1 + -1 + 3.
-3
Evaluate -4 + 10 + (-1 - 3).
2
What is (1 - -3) + 0 - 1?
3
3 + 1 + 1 + -1
4
What is the value of -2 - (0 - 1) - -6?
5
What is the value of -12 + 8 + -1 + 8?
3
What is the value of 4 + 13 + -6 + -5 + -1?
5
What is the value of (3 - -1) + 0 + -4 - 5?
-5
1 + -2 - (3 + -3 - 0)
-1
-2 - (0 - -3) - (1 - 8)
2
What is (7 - 10) + (-2 - -1) + 5?
1
-3 + -1 - (2 - 6)
0
Evaluate 1 + -2